p(s) = 106375*s - 180. Give p(0).
-180
Let z(w) = 2*w**2 - 178*w - 117. Give z(65).
-3237
Let n(o) = -2*o**2 - 29702*o + 356721. Determine n(12).
9
Let l(n) = n**2 - 3169*n + 34756. What is l(11)?
18
Let t(g) = -11*g**3 - 191*g**2 + 378*g - 6. Determine t(2).
-102
Let g(j) = j**3 + 158*j**2 - 994*j - 1452. What is g(-164)?
188
Let p(o) = -3*o**3 - 695*o**2 + 128*o - 24240. Give p(-232).
-112
Let d(m) = -m**3 - 425*m**2 + 206348*m - 530. Calculate d(289).
48
Let x(v) = -4*v**3 - 978*v**2 + 1471*v - 1267. Determine x(-246).
-37
Let v(o) = -2794*o - 70110. What is v(-25)?
-260
Let t(j) = 441128*j + 8381427. Calculate t(-19).
-5
Let r(k) = 110821*k + 1551504. What is r(-14)?
10
Let j(l) = 2*l**2 - 3573*l + 35622. Calculate j(10).
92
Let x(y) = -56*y**2 - 2574*y + 15412. Give x(6).
-2048
Let c(n) = -n**3 - 19*n**2 - 50*n - 738. Calculate c(-18).
-162
Let a(g) = 129*g**2 - 33796*g - 418. Determine a(262).
106
Let p(d) = 5*d**3 - 135*d**2 + 15*d - 382. Give p(27).
23
Let r(t) = 2*t**3 + 21*t**2 - 98*t - 917. Calculate r(-10).
163
Let z(t) = -t**3 - 19*t**2 - 47*t - 381. Determine z(-16).
-397
Let h(r) = 8478*r + 576515. Determine h(-68).
11
Let f(d) = -68178*d + 1295411. Give f(19).
29
Let f(j) = -12*j**2 + 303*j + 3123. What is f(-10)?
-1107
Let w(v) = -8028*v + 56182. Determine w(7).
-14
Let h(d) = -4*d**2 - 128*d + 726. Give h(6).
-186
Let a(l) = 4*l**2 - 2347*l - 18863. Determine a(-8).
169
Let n(h) = h**3 + 29*h**2 + 136*h + 2860. Determine n(-28).
-164
Let l(y) = -4083*y - 44939. Determine l(-11).
-26
Let n(m) = 2487*m + 29842. Calculate n(-12).
-2
Let n(t) = -51232*t - 1434485. Calculate n(-28).
11
Let n(k) = -k**3 + 43*k**2 + 179*k - 1481. Determine n(46).
405
Let v(l) = 58879*l**2 + 1766379*l + 274. What is v(-30)?
4
Let c(g) = 298*g - 10033. Calculate c(33).
-199
Let k(t) = -309*t**2 - 3262*t + 87. Determine k(-11).
-1420
Let a(p) = -p**3 - 150*p**2 + 566*p - 7638. Calculate a(-154).
62
Let k(w) = 3*w**3 - 21*w**2 - 2762*w + 19226. Calculate k(7).
-108
Let j(b) = -15*b**2 + 2806*b - 131137. What is j(96)?
-1
Let i(y) = 3757*y + 18379. Determine i(-5).
-406
Let n(c) = c**3 - 22*c**2 + 148*c - 615. What is n(18)?
753
Let t(a) = 5*a**2 - 1059*a - 18585. Give t(-17).
863
Let k(a) = 504*a + 14046. Determine k(-28).
-66
Let p(t) = -3*t**2 + 28*t + 190. Calculate p(24).
-866
Let m(p) = -23*p**2 - 84*p + 3. What is m(-4)?
-29
Let k(y) = 1775*y**2 + 415338*y - 2808. Determine k(-234).
0
Let z(l) = 5*l**2 + 11483*l - 57451. Determine z(5).
89
Let u(z) = 479*z + 12171. What is u(-26)?
-283
Let r(b) = 169820*b + 849101. Give r(-5).
1
Let o(p) = 6*p**2 - 137*p + 1532. What is o(14)?
790
Let i(r) = 155732*r + 2803171. Calculate i(-18).
-5
Let j(v) = -7*v**2 + 1631*v - 1633. What is j(1)?
-9
Let j(f) = 23262*f + 279156. What is j(-12)?
12
Let r(y) = -5620155*y + 28100781. Calculate r(5).
6
Let u(v) = 4*v**3 + 6*v**2 - 754*v - 6801. Calculate u(-9).
-2445
Let a(q) = -q**3 + 20*q**2 + 116*q - 1854. Calculate a(21).
141
Let w(c) = -2468*c**2 + 27139*c + 83. What is w(11)?
-16
Let z(h) = 6086*h + 139981. What is z(-23)?
3
Let x(l) = -13337876*l + 13337872. Calculate x(1).
-4
Let y(v) = v**3 - 49*v**2 + 163*v - 997. What is y(46)?
153
Let c(a) = 232*a**2 + 11635*a + 1755. Calculate c(-50).
5
Let k(x) = -525*x**3 + 17*x**2 - 8*x - 4. Give k(-1).
546
Let o(j) = -25*j**2 + 14*j + 1631. Give o(-8).
-81
Let w(i) = 316*i**2 + 2519*i - 127. What is w(-8)?
-55
Let u(f) = -3*f**2 + 251*f - 1587. What is u(75)?
363
Let t(b) = -2*b**2 + 16510*b + 181881. What is t(-11)?
29
Let r(q) = 2*q**2 + 17*q - 9782. What is r(67)?
335
Let m(p) = 11*p**3 + 34*p**2 + 196*p - 26. Give m(-7).
-3505
Let j(o) = -1054*o + 341497. Give j(324).
1
Let t(u) = 717*u - 117570. Calculate t(164).
18
Let h(f) = f**3 - 113*f**2 + 374*f - 709. Calculate h(110).
4131
Let y(b) = 34*b**2 + 459*b + 3624. Give y(-8).
2128
Let x(h) = 5393*h - 2108641. Determine x(391).
22
Let t(p) = 5*p**3 + 80*p**2 + 16*p + 88. What is t(-10)?
2928
Let n(v) = -324*v + 4862. Give n(15).
2
Let c(n) = -13*n**2 + 262*n + 4544. Give c(-16).
-2976
Let q(z) = 17635*z - 1252041. Give q(71).
44
Let r(j) = -9101*j + 145593. What is r(16)?
-23
Let b(t) = -t**3 - 5*t**2 + 513*t + 1539. What is b(-3)?
-18
Let x(s) = -2*s**2 - 271*s + 8044. What is x(25)?
19
Let v(i) = -44843*i + 16591919. Determine v(370).
9
Let m(b) = 154543*b - 618174. Calculate m(4).
-2
Let o(k) = -2*k**3 - 94*k**2 - 308*k - 251. What is o(-44)?
1685
Let v(p) = -3*p**2 + 3831*p - 290626. What is v(81)?
2
Let j(p) = 3*p**2 + 10291*p - 165422. Determine j(16).
2
Let z(y) = -3*y**3 - 174*y**2 - 1326*y - 170. Calculate z(-49).
-23
Let d(g) = -171572*g - 1544414. Determine d(-9).
-266
Let t(n) = n**3 + 72*n**2 + 1123*n - 70. What is t(-28)?
2982
Let o(m) = 5172*m - 212071. Give o(41).
-19
Let t(r) = 104*r - 8947. What is t(86)?
-3
Let l(x) = -377*x + 3563. Calculate l(12).
-961
Let y(p) = -1286*p - 24532. Calculate y(-19).
-98
Let b(m) = 2*m**2 - 36548*m - 109654. Calculate b(-3).
8
Let c(x) = 3*x**3 + 23*x**2 - 9*x + 3. Determine c(-10).
-607
Let r(b) = b**3 - 8*b**2 + 138*b + 11. Determine r(16).
4267
Let o(w) = -304610*w - 3959936. What is o(-13)?
-6
Let c(q) = -1624*q - 8009. What is c(-5)?
111
Let v(n) = 9627*n + 58280. Determine v(-6).
518
Let c(s) = 32*s + 419. Give c(-13).
3
Let r(s) = 14*s**2 + 12030*s + 59839. Determine r(-5).
39
Let y(a) = -4*a**3 - 205*a**2 + 87*a + 4860. What is y(-51)?
-2178
Let b(u) = -3315*u - 46316. Give b(-14).
94
Let k(l) = 3*l**2 + 101*l + 1770. Calculate k(-16).
922
Let w(p) = -p**3 - 19*p**2 + 26*p + 83. Calculate w(-21).
419
Let b(u) = 2*u**3 + 19*u**2 - 511*u - 975. Give b(13).
-13
Let w(k) = -k**2 + 12987*k - 1378187. What is w(107)?
-27
Let d(h) = 626*h + 17499. What is d(-28)?
-29
Let n(o) = 4*o**3 + 35*o**2 + 32*o + 204. Determine n(-9).
-165
Let m(q) = -2*q**2 - 79*q + 1010. Determine m(17).
-911
Let t(l) = 5882*l - 58830. What is t(10)?
-10
Let w(b) = b**2 - 15085*b + 346424. Determine w(23).
-2
Let g(z) = -1868*z + 164381. Determine g(88).
-3
Let c(z) = 6*z**3 - 413*z**2 - 489*z - 73. What is c(70)?
-3
Let k(x) = -x**3 - 3*x**2 - 94*x - 327. Calculate k(-10).
1313
Let o(n) = -5*n**2 + 1703*n - 1653. What is o(340)?
-633
Let d(x) = 2452*x - 2442. Determine d(1).
10
Let w(z) = 3*z**3 - 660*z**2 + 52*z - 10044. What is w(220)?
1396
Let l(o) = 2759*o + 270503. Give l(-98).
121
Let x(v) = 3402*v - 1558121. What is x(458)?
-5
Let x(r) = -20801*r + 5449883. Calculate x(262).
21
Let a(w) = -100*w - 10402. Determine a(-102).
-202
Let o(m) = m**3 + 530*m**2 - 16*m - 8488. Give o(-530).
-8
Let a(z) = 61*z**2 + 280*z + 280. Calculate a(-1).
61
Let y(v) = -2*v**2 + 14729*v - 249830. Calculate y(17).
-15
Let y(c) = 3841*c**2 - 234229*c - 4387. What is y(61)?
5
Let p(w) = w**2 + 932*w - 640295. Give p(460).
25
Let h(n) = 2*n**3 - 145*n**2 + 54*n + 1163. Determine h(72).
-133
Let i(y) = -2*y**2 - 2212*y + 346116. Determine i(139).
6
Let g(a) = -a**3 + 43*a**2 + 557*a - 19211. Calculate g(46).
63
Let j(m) = -3*m**3 + 67*m**2 - 334*m - 365. What is j(13)?
25
Let l(d) = -27*d**2 - 646*d - 1196. What is l(-2)?
-12
Let j(h) = -h**3 + 30*h**2 + 9*h + 38. Give j(30).
308
Let i(r) = -587845*r - 5878444. Give i(-10).
6
Let a(y) = 3*y**2 - 186*y + 2312. What is a(36)?
-496
Let l(m) = 17*m**2 + 31729*m + 31723. What is l(-1)?
11
Let f(c) = 14*c**3 + 2*c**2 - 1487*c + 2969. Determine f(2).
115
Let z(f) = -203*f**3 - 5*f**2 - 289*f - 284. Calculate z(-1).
203
Let u(c) = -339*c - 74663. Give u(-220).
-83
Let k(c) = -c**3 - 17*c**2 + 315*c - 961. Calculate k(7).
68
Let j(s) = -s**3 + 1060*s**2 + 11044*s - 8349870. Calculate j(1063).
-5
Let y(s) = -s**3 - 56*s**2 - 357*s + 6190. Determine y(-45).
-20
Let k(j) = -j**3 - 12*j**2 + 301*j + 31. Determine k(-21).
-2321
Let c(j) = -45*j**3 + 71*j**2 + j + 1. Calculate c(-1).
116
Let r(f) = -f**3 + 37*f**2 - 269*f + 25. Give r(29).
-1048
Let z(o) = -o**3 + 92*o**2 + 484*o + 29. Determine z(97).
-68
Let y(x) = 27887*x + 55789. Determine y(-2).
15
Let z(k) = k**3 + 103*k**2 - 4653*k + 758. Determine z(-137).
73
Let t(b) = -7*b**3 - 111*b**2 - 137*b + 547. Calculate t(-14).
-83
Let o(r) = -127844*r + 511572. Calculate o(4).
196
Let t(s) = -6574*s + 59194. Give t(9).
28
Let c(m) = m**2 + 895*m + 198339. What 